{"id":864,"date":"2024-04-17T17:15:05","date_gmt":"2024-04-17T15:15:05","guid":{"rendered":"https:\/\/christophedrouglazet.fr\/?page_id=864"},"modified":"2024-08-07T20:26:55","modified_gmt":"2024-08-07T18:26:55","slug":"dates-stages-ateliers","status":"publish","type":"page","link":"https:\/\/christophedrouglazet.fr\/index.php\/dates-stages-ateliers\/","title":{"rendered":"Dates Formations, Stages &amp; Ateliers"},"content":{"rendered":"\n<div style=\"height:21px\" aria-hidden=\"true\" class=\"wp-block-spacer\"><\/div>\n\n\n\n<p class=\"has-vivid-green-cyan-color has-text-color has-link-color has-medium-font-size wp-elements-36a507f9e75b859b1d8fa4a0ad2751ca\" style=\"text-decoration:underline\"><strong>Mises \u00e0 jour r\u00e9guli\u00e8res avec d&rsquo;autres dates!!!<\/strong><\/p>\n\n\n\n<p class=\"has-black-color has-text-color has-link-color wp-elements-49d6fe61de14cd3f87f09ea2df603689\"><strong><a href=\"https:\/\/christophedrouglazet.fr\/index.php\/dates-formation-quunsens\/\" data-type=\"page\" data-id=\"1413\">Dates &#8211; Formation Qu&rsquo;Un&amp;Sens<\/a><\/strong><\/p>\n\n\n\n<p class=\"has-black-color has-text-color has-link-color wp-elements-7df38fcb3ab2a2bdde09d97f6fbb088f\"><strong><a href=\"https:\/\/christophedrouglazet.fr\/index.php\/dates-formations-radiesthesie\/\" data-type=\"page\" data-id=\"1400\">Dates &#8211; Formations Radiesth\u00e9sie<\/a><\/strong><\/p>\n\n\n\n<p class=\"has-black-color has-text-color has-link-color wp-elements-2d77ac041504c8165f2461a7fb775391\"><strong><a href=\"https:\/\/christophedrouglazet.fr\/index.php\/dates-formations-clarification\/\" data-type=\"page\" data-id=\"1403\">Dates &#8211; Formations Clarification\/Nettoyage \u00e9nerg\u00e9tique d&rsquo;un lieu<\/a><\/strong><\/p>\n\n\n\n<p class=\"has-black-color has-text-color has-link-color wp-elements-f1aa6898414be8ee4e2a248c325549fa\"><strong><a href=\"https:\/\/christophedrouglazet.fr\/index.php\/dates-formation-numerologie\/\" data-type=\"page\" data-id=\"1405\">Dates &#8211; Formation Num\u00e9rologie<\/a><\/strong><\/p>\n\n\n\n<p class=\"has-black-color has-text-color has-link-color wp-elements-36033276c0fcd1b03fa4f4a40e7956b6\"><strong><a href=\"https:\/\/christophedrouglazet.fr\/index.php\/dates-guidance\/\" data-type=\"page\" data-id=\"1408\">Dates &#8211; Formation Guidance<\/a><\/strong><\/p>\n\n\n\n<p class=\"has-black-color has-text-color has-link-color wp-elements-979f2b372547f8e0441266a5a9234458\"><strong><a href=\"https:\/\/christophedrouglazet.fr\/index.php\/dates-stages-evenements-et-ateliers\/\" data-type=\"page\" data-id=\"1410\">Dates &#8211; Stages, Ev\u00e8nements et Ateliers<\/a><\/strong><\/p>\n","protected":false},"excerpt":{"rendered":"<p>Mises \u00e0 jour r\u00e9guli\u00e8res avec d&rsquo;autres dates!!! Dates &#8211; Formation Qu&rsquo;Un&amp;Sens Dates &#8211; Formations Radiesth\u00e9sie Dates &#8211; Formations Clarification\/Nettoyage \u00e9nerg\u00e9tique d&rsquo;un lieu Dates &#8211; Formation Num\u00e9rologie Dates &#8211; Formation Guidance Dates &#8211; Stages, Ev\u00e8nements et Ateliers<\/p>\n","protected":false},"author":1,"featured_media":0,"parent":0,"menu_order":0,"comment_status":"closed","ping_status":"closed","template":"","meta":{"footnotes":""},"class_list":["post-864","page","type-page","status-publish","hentry","grid-sizer"],"_links":{"self":[{"href":"https:\/\/christophedrouglazet.fr\/index.php\/wp-json\/wp\/v2\/pages\/864","targetHints":{"allow":["GET"]}}],"collection":[{"href":"https:\/\/christophedrouglazet.fr\/index.php\/wp-json\/wp\/v2\/pages"}],"about":[{"href":"https:\/\/christophedrouglazet.fr\/index.php\/wp-json\/wp\/v2\/types\/page"}],"author":[{"embeddable":true,"href":"https:\/\/christophedrouglazet.fr\/index.php\/wp-json\/wp\/v2\/users\/1"}],"replies":[{"embeddable":true,"href":"https:\/\/christophedrouglazet.fr\/index.php\/wp-json\/wp\/v2\/comments?post=864"}],"version-history":[{"count":48,"href":"https:\/\/christophedrouglazet.fr\/index.php\/wp-json\/wp\/v2\/pages\/864\/revisions"}],"predecessor-version":[{"id":1428,"href":"https:\/\/christophedrouglazet.fr\/index.php\/wp-json\/wp\/v2\/pages\/864\/revisions\/1428"}],"wp:attachment":[{"href":"https:\/\/christophedrouglazet.fr\/index.php\/wp-json\/wp\/v2\/media?parent=864"}],"curies":[{"name":"wp","href":"https:\/\/api.w.org\/{rel}","templated":true}]}}