{"id":700,"date":"2024-04-15T18:55:58","date_gmt":"2024-04-15T16:55:58","guid":{"rendered":"https:\/\/christophedrouglazet.fr\/?page_id=700"},"modified":"2025-07-16T12:47:54","modified_gmt":"2025-07-16T10:47:54","slug":"le-systeme-energetique-humain","status":"publish","type":"page","link":"https:\/\/christophedrouglazet.fr\/index.php\/le-systeme-energetique-humain\/","title":{"rendered":"Chakras et Corps Subtils"},"content":{"rendered":"\n<div style=\"height:20px\" aria-hidden=\"true\" class=\"wp-block-spacer\"><\/div>\n\n\n<div class=\"wp-block-image\">\n<figure class=\"aligncenter size-large is-resized\"><img loading=\"lazy\" decoding=\"async\" width=\"984\" height=\"1024\" src=\"https:\/\/christophedrouglazet.fr\/wp-content\/uploads\/2024\/04\/aura-1079746_1280-984x1024.jpg\" alt=\"\" class=\"wp-image-824\" style=\"width:362px;height:auto\" srcset=\"https:\/\/christophedrouglazet.fr\/wp-content\/uploads\/2024\/04\/aura-1079746_1280-984x1024.jpg 984w, https:\/\/christophedrouglazet.fr\/wp-content\/uploads\/2024\/04\/aura-1079746_1280-288x300.jpg 288w, https:\/\/christophedrouglazet.fr\/wp-content\/uploads\/2024\/04\/aura-1079746_1280-768x799.jpg 768w, https:\/\/christophedrouglazet.fr\/wp-content\/uploads\/2024\/04\/aura-1079746_1280-58x60.jpg 58w, https:\/\/christophedrouglazet.fr\/wp-content\/uploads\/2024\/04\/aura-1079746_1280.jpg 1230w\" sizes=\"auto, (max-width: 984px) 100vw, 984px\" \/><\/figure>\n<\/div>\n\n\n<div style=\"height:40px\" aria-hidden=\"true\" class=\"wp-block-spacer\"><\/div>\n\n\n\n<p>Comme son nom l&rsquo;indique, ce module est d\u00e9di\u00e9 \u00e0 l&rsquo;exploration du syst\u00e8me \u00e9nerg\u00e9tique compos\u00e9 des Chakras et Corps Subtils.<\/p>\n\n\n\n<p>Bien que tr\u00e8s th\u00e9orique, nous conservons un temps d&rsquo;exp\u00e9rimentations durant lequel vous allez faire \u00e9voluer vos ressentis au contact de nouvelles fr\u00e9quences vibratoires et du syst\u00e8me \u00e9nerg\u00e9tique humain.<\/p>\n\n\n\n<p>Vous gagnerez encore en confiance et constaterez par vous m\u00eame que ce syst\u00e8me \u00e9nerg\u00e9tique peut rapidement influencer le corps physique!<\/p>\n\n\n\n<p style=\"text-decoration:underline\"><strong><em>Informations compl\u00e9mentaires :<\/em><\/strong><\/p>\n\n\n\n<ul class=\"wp-block-list\">\n<li>Dur\u00e9e du module: 2 jours<\/li>\n<\/ul>\n\n\n\n<p><\/p>\n","protected":false},"excerpt":{"rendered":"<p>Comme son nom l&rsquo;indique, ce module est d\u00e9di\u00e9 \u00e0 l&rsquo;exploration du syst\u00e8me \u00e9nerg\u00e9tique compos\u00e9 des Chakras et Corps Subtils. Bien que tr\u00e8s th\u00e9orique, nous conservons un temps d&rsquo;exp\u00e9rimentations durant lequel vous allez faire \u00e9voluer vos ressentis au contact de nouvelles fr\u00e9quences vibratoires et du syst\u00e8me \u00e9nerg\u00e9tique humain. Vous gagnerez encore en confiance et constaterez par &hellip; <\/p>\n","protected":false},"author":1,"featured_media":0,"parent":0,"menu_order":0,"comment_status":"closed","ping_status":"closed","template":"","meta":{"footnotes":""},"class_list":["post-700","page","type-page","status-publish","hentry","grid-sizer"],"_links":{"self":[{"href":"https:\/\/christophedrouglazet.fr\/index.php\/wp-json\/wp\/v2\/pages\/700","targetHints":{"allow":["GET"]}}],"collection":[{"href":"https:\/\/christophedrouglazet.fr\/index.php\/wp-json\/wp\/v2\/pages"}],"about":[{"href":"https:\/\/christophedrouglazet.fr\/index.php\/wp-json\/wp\/v2\/types\/page"}],"author":[{"embeddable":true,"href":"https:\/\/christophedrouglazet.fr\/index.php\/wp-json\/wp\/v2\/users\/1"}],"replies":[{"embeddable":true,"href":"https:\/\/christophedrouglazet.fr\/index.php\/wp-json\/wp\/v2\/comments?post=700"}],"version-history":[{"count":11,"href":"https:\/\/christophedrouglazet.fr\/index.php\/wp-json\/wp\/v2\/pages\/700\/revisions"}],"predecessor-version":[{"id":1680,"href":"https:\/\/christophedrouglazet.fr\/index.php\/wp-json\/wp\/v2\/pages\/700\/revisions\/1680"}],"wp:attachment":[{"href":"https:\/\/christophedrouglazet.fr\/index.php\/wp-json\/wp\/v2\/media?parent=700"}],"curies":[{"name":"wp","href":"https:\/\/api.w.org\/{rel}","templated":true}]}}