{"id":668,"date":"2024-04-15T17:09:44","date_gmt":"2024-04-15T15:09:44","guid":{"rendered":"https:\/\/christophedrouglazet.fr\/?page_id=668"},"modified":"2025-07-16T12:43:38","modified_gmt":"2025-07-16T10:43:38","slug":"connexions-au-subtil","status":"publish","type":"page","link":"https:\/\/christophedrouglazet.fr\/index.php\/connexions-au-subtil\/","title":{"rendered":"Connexions aux \u00e9nergies du monde Subtil"},"content":{"rendered":"\n<div style=\"height:20px\" aria-hidden=\"true\" class=\"wp-block-spacer\"><\/div>\n\n\n<div class=\"wp-block-image\">\n<figure class=\"aligncenter size-large is-resized\"><img loading=\"lazy\" decoding=\"async\" width=\"1024\" height=\"663\" src=\"https:\/\/christophedrouglazet.fr\/wp-content\/uploads\/2024\/04\/wolf-2559374_1920-1024x663.jpg\" alt=\"\" class=\"wp-image-844\" style=\"width:600px;height:auto\" srcset=\"https:\/\/christophedrouglazet.fr\/wp-content\/uploads\/2024\/04\/wolf-2559374_1920-1024x663.jpg 1024w, https:\/\/christophedrouglazet.fr\/wp-content\/uploads\/2024\/04\/wolf-2559374_1920-300x194.jpg 300w, https:\/\/christophedrouglazet.fr\/wp-content\/uploads\/2024\/04\/wolf-2559374_1920-768x498.jpg 768w, https:\/\/christophedrouglazet.fr\/wp-content\/uploads\/2024\/04\/wolf-2559374_1920-1536x995.jpg 1536w, https:\/\/christophedrouglazet.fr\/wp-content\/uploads\/2024\/04\/wolf-2559374_1920-93x60.jpg 93w, https:\/\/christophedrouglazet.fr\/wp-content\/uploads\/2024\/04\/wolf-2559374_1920.jpg 1920w\" sizes=\"auto, (max-width: 1024px) 100vw, 1024px\" \/><\/figure>\n<\/div>\n\n\n<div style=\"height:40px\" aria-hidden=\"true\" class=\"wp-block-spacer\"><\/div>\n\n\n\n<p>Dans ce module, vous serez amen\u00e9s \u00e0 vous connecter \u00e0 diff\u00e9rent types d\u2019\u00e9nergies subtiles, comme&nbsp;celles :<\/p>\n\n\n\n<ul class=\"wp-block-list\">\n<li>De vos guides et alli\u00e9s (que vous connaissez peut-\u00eatre d\u00e9j\u00e0, ou pas&nbsp;!)&nbsp;;<\/li>\n\n\n\n<li>Des \u00e9l\u00e9ments&nbsp;;<\/li>\n\n\n\n<li>Des diff\u00e9rents r\u00e8gnes&nbsp;;<\/li>\n\n\n\n<li>Des esprits de la nature&nbsp;;<\/li>\n\n\n\n<li>Etc\u2026<\/li>\n<\/ul>\n\n\n\n<p>Cette communication pourra se faire de multiples fa\u00e7ons&nbsp;:<\/p>\n\n\n\n<ul class=\"wp-block-list\">\n<li>Par l\u2019interm\u00e9diaire de vos \u00ab\u00a0<strong>pr\u00e9dispositions<\/strong>\u00ab\u00a0*&nbsp;: clair ressenti, clairaudience, clairvoyance\u2026&nbsp;;<\/li>\n\n\n\n<li>Par l\u2019interm\u00e9diaire d\u2019outils comme le pendule, les oracles\u2026 ;<\/li>\n\n\n\n<li>Mais aussi et surtout par l\u2019interm\u00e9diaire de votre grille de lecture corporelle et \u00e9motionnelle&nbsp;!<\/li>\n<\/ul>\n\n\n\n<p>Nous vous montrerons \u00e9galement comment rentrer dans l\u2019espace sacr\u00e9 d\u2019un lieu, pour y cheminer en conscience, afin de rencontrer les diff\u00e9rentes \u00e9nergies qui pourront se trouver sur votre chemin\u2026 une \u00ab&nbsp;balade&nbsp;\u00bb toujours pleine de surprise&nbsp;!<\/p>\n\n\n\n<p><em>(*) Je pr\u00e9f\u00e8re utiliser le terme <strong>\u00ab\u00a0pr\u00e9disposition\u00a0\u00bb<\/strong> plut\u00f4t que \u00ab\u00a0don\u00a0\u00bb, car ce mot conf\u00e8re une connotation \u00ab\u00a0\u00e9litiste\u00a0\u00bb, un caract\u00e8re \u00ab\u00a0exceptionnel\u00a0\u00bb. Or nous avons toutes et tous en nous une multitude de pr\u00e9dispositions qui ne demandent qu&rsquo;\u00e0 \u00e9clore! Encore faut-il le savoir, et \u0153uvrer en conscience afin que cet \u00e9veil puisse se faire en douceur&#8230;<\/em><\/p>\n\n\n\n<p style=\"text-decoration:underline\"><strong><em>Informations compl\u00e9mentaires :<\/em><\/strong><\/p>\n\n\n\n<ul class=\"wp-block-list\">\n<li>Dur\u00e9e du module: 2 jours<\/li>\n\n\n\n<li>Penser \u00e0 emmener des v\u00eatements et chaussures de pluie&#8230;<\/li>\n<\/ul>\n","protected":false},"excerpt":{"rendered":"<p>Dans ce module, vous serez amen\u00e9s \u00e0 vous connecter \u00e0 diff\u00e9rent types d\u2019\u00e9nergies subtiles, comme&nbsp;celles : Cette communication pourra se faire de multiples fa\u00e7ons&nbsp;: Nous vous montrerons \u00e9galement comment rentrer dans l\u2019espace sacr\u00e9 d\u2019un lieu, pour y cheminer en conscience, afin de rencontrer les diff\u00e9rentes \u00e9nergies qui pourront se trouver sur votre chemin\u2026 une \u00ab&nbsp;balade&nbsp;\u00bb &hellip; <\/p>\n","protected":false},"author":1,"featured_media":0,"parent":0,"menu_order":0,"comment_status":"closed","ping_status":"closed","template":"","meta":{"footnotes":""},"class_list":["post-668","page","type-page","status-publish","hentry","grid-sizer"],"_links":{"self":[{"href":"https:\/\/christophedrouglazet.fr\/index.php\/wp-json\/wp\/v2\/pages\/668","targetHints":{"allow":["GET"]}}],"collection":[{"href":"https:\/\/christophedrouglazet.fr\/index.php\/wp-json\/wp\/v2\/pages"}],"about":[{"href":"https:\/\/christophedrouglazet.fr\/index.php\/wp-json\/wp\/v2\/types\/page"}],"author":[{"embeddable":true,"href":"https:\/\/christophedrouglazet.fr\/index.php\/wp-json\/wp\/v2\/users\/1"}],"replies":[{"embeddable":true,"href":"https:\/\/christophedrouglazet.fr\/index.php\/wp-json\/wp\/v2\/comments?post=668"}],"version-history":[{"count":9,"href":"https:\/\/christophedrouglazet.fr\/index.php\/wp-json\/wp\/v2\/pages\/668\/revisions"}],"predecessor-version":[{"id":1674,"href":"https:\/\/christophedrouglazet.fr\/index.php\/wp-json\/wp\/v2\/pages\/668\/revisions\/1674"}],"wp:attachment":[{"href":"https:\/\/christophedrouglazet.fr\/index.php\/wp-json\/wp\/v2\/media?parent=668"}],"curies":[{"name":"wp","href":"https:\/\/api.w.org\/{rel}","templated":true}]}}