{"id":499,"date":"2024-04-10T15:05:10","date_gmt":"2024-04-10T13:05:10","guid":{"rendered":"https:\/\/christophedrouglazet.fr\/?page_id=499"},"modified":"2024-05-06T18:16:37","modified_gmt":"2024-05-06T16:16:37","slug":"qui-suis-je","status":"publish","type":"page","link":"https:\/\/christophedrouglazet.fr\/index.php\/qui-suis-je\/","title":{"rendered":"Et si je me pr\u00e9sentais?"},"content":{"rendered":"\n<div class=\"wp-block-group\"><div class=\"wp-block-group__inner-container is-layout-constrained wp-block-group-is-layout-constrained\">\n<div class=\"wp-block-group\"><div class=\"wp-block-group__inner-container is-layout-constrained wp-block-group-is-layout-constrained\">\n<div class=\"wp-block-media-text is-stacked-on-mobile\" style=\"grid-template-columns:23% auto\"><figure class=\"wp-block-media-text__media\"><img loading=\"lazy\" decoding=\"async\" width=\"1024\" height=\"940\" src=\"http:\/\/christophedrouglazet.fr\/wp-content\/uploads\/2024\/04\/Photo-1-1024x940.jpg\" alt=\"\" class=\"wp-image-747 size-full\" srcset=\"https:\/\/christophedrouglazet.fr\/wp-content\/uploads\/2024\/04\/Photo-1-1024x940.jpg 1024w, https:\/\/christophedrouglazet.fr\/wp-content\/uploads\/2024\/04\/Photo-1-300x275.jpg 300w, https:\/\/christophedrouglazet.fr\/wp-content\/uploads\/2024\/04\/Photo-1-768x705.jpg 768w, https:\/\/christophedrouglazet.fr\/wp-content\/uploads\/2024\/04\/Photo-1-65x60.jpg 65w, https:\/\/christophedrouglazet.fr\/wp-content\/uploads\/2024\/04\/Photo-1.jpg 1448w\" sizes=\"auto, (max-width: 1024px) 100vw, 1024px\" \/><\/figure><div class=\"wp-block-media-text__content\">\n<p>Je m&rsquo;appelle Christophe Drouglazet, mais \u00e7a, normalement, vous le savez d\u00e9j\u00e0!<\/p>\n\n\n\n<p>Bien que tr\u00e8s t\u00f4t int\u00e9ress\u00e9 par les min\u00e9raux et la radiesth\u00e9sie, rien ne pr\u00e9sageait que je puisse un jour \u00e9voluer et \u0153uvrer dans le domaine des \u00e9nergies et de la spiritualit\u00e9. Loin de l\u00e0\u2026<\/p>\n<\/div><\/div>\n\n\n\n<p><\/p>\n\n\n\n<p>Mon parcours professionnel m\u2019a amen\u00e9 \u00e0 \u00e9voluer dans des postes \u00e0 responsabilit\u00e9s, essentiellement ax\u00e9s vers l\u2019international, o\u00f9 primaient les relations humaines.<\/p>\n<\/div><\/div>\n\n\n\n<p>Un go\u00fbt pour les relations humaines qui m\u2019a amen\u00e9 \u00e0 m\u2019engager en tant que pompier volontaire pendant quelques ann\u00e9es.<\/p>\n\n\n\n<p>Contre toute attente, au travers de ces exp\u00e9riences dans le monde si \u00ab&nbsp;rationnel&nbsp;\u00bb qu\u2019est celui du commerce, j\u2019ai d\u00e9velopp\u00e9 mon intuition, jusqu\u2019\u00e0 en faire une \u00ab&nbsp;force&nbsp;\u00bb.<\/p>\n\n\n\n<p>En 2015, pour faire face \u00e0 certains al\u00e9as de la vie, j\u2019ai d\u00e9cid\u00e9 d\u2019entamer un travail \u00e9nerg\u00e9tique profond sur moi-m\u00eame, pour me \u00ab&nbsp;sentir mieux&nbsp;\u00bb, sans vraiment imaginer ou \u00e7a allait m\u2019amener&nbsp;!<\/p>\n\n\n\n<p>Ayant eu la chance de rencontrer sur mon chemin des th\u00e9rapeutes ancr\u00e9s et align\u00e9s, dont Morgane Bertin (qui deviendra plus tard ma femme), j\u2019ai tr\u00e8s vite pris conscience que notre corps et notre syst\u00e8me \u00e9nerg\u00e9tique gardaient en m\u00e9moire une incroyable quantit\u00e9 d\u2019informations.<\/p>\n\n\n\n<p>A tel point que la quasi-totalit\u00e9 de nos probl\u00e9matiques rencontr\u00e9es y trouvent leur source&nbsp;!!!<\/p>\n\n\n\n<p>J\u2019ai aussi et surtout exp\u00e9riment\u00e9 concr\u00e8tement dans mon corps une multitude d\u2019exp\u00e9riences aussi \u00ab&nbsp;incroyables&nbsp;\u00bb (pour moi \u00e0 l\u2019\u00e9poque) les unes que les autres&nbsp;!<\/p>\n\n\n\n<p>A une cadence soutenue, je me suis lib\u00e9r\u00e9 d\u2019une multitude d\u2019\u00e9motions, de m\u00e9moires, de conditionnements, de croyances, de formes-pens\u00e9es, de fardeaux, de liens toxiques, etc.<\/p>\n\n\n\n<p>Alors, c\u2019est vrai, parfois \u00e7a m\u2019a un peu \u00ab&nbsp;secou\u00e9&nbsp;\u00bb, d\u00e9stabilis\u00e9, notamment au niveau de certaines de mes croyances. Mais le mieux \u00eatre \u00e9vident que je ne pouvais que constater, \u00e0 la fois physiquement et psychologiquement, ne faisaient que conforter mon choix et m\u2019invitait fortement \u00e0 poursuivre ce travail.<\/p>\n\n\n\n<p>Je me suis non seulement lib\u00e9r\u00e9 de ce qui m\u2019encombrait, mais je me suis aussi reconnect\u00e9 progressivement \u00e0 des parties de moi, ainsi qu\u2019\u00e0 des capacit\u00e9s dont je ne soup\u00e7onnais m\u00eame pas l\u2019existence&nbsp;: magn\u00e9tisme, clair ressenti, clairsentience\u2026 et m\u00eame des capacit\u00e9s m\u00e9diumniques&nbsp;!<\/p>\n\n\n\n<p>Tout en continuant \u00e0 exercer mon activit\u00e9 professionnelle de l\u2019\u00e9poque, j\u2019ai apprivois\u00e9 toutes ces \u00ab&nbsp;nouveaut\u00e9s&nbsp;\u00bb, et me suis progressivement form\u00e9 aux \u00ab&nbsp;soins&nbsp;\u00bb \u00e9nerg\u00e9tiques.<\/p>\n\n\n\n<p>J\u2019ai pris conscience que mon hypersensibilit\u00e9 et mon empathie, que je consid\u00e9rais jusqu\u2019alors plut\u00f4t comme un handicap, \u00e9tait en r\u00e9alit\u00e9 un magnifique cadeau de la vie.<\/p>\n\n\n\n<p>Parall\u00e8lement, suite \u00e0 plusieurs exp\u00e9riences personnelles, j\u2019ai pris conscience de l\u2019importance de l\u2019influence \u00e9nerg\u00e9tique de notre environnement&nbsp;: des personnes qui nous entourent certes, mais aussi et surtout des lieux dans lesquels nous vivons, dans lesquels nous travaillons&nbsp;!<\/p>\n\n\n\n<p>C\u2019est ce qui m\u2019a conduit \u00e0 me former au nettoyage \u00e9nerg\u00e9tique des lieux (clarification), \u00e0 la g\u00e9obiologie ainsi qu\u2019au Feng Shui.<\/p>\n\n\n\n<p>L\u2019Univers s\u2019est non seulement charg\u00e9 de me mettre sur cette voie, mais il m\u2019a pouss\u00e9 \u00e0 poursuivre mon chemin sur celle-ci&nbsp;en m\u2019\u00e9cartant d\u2019un univers qui ne me correspondait plus.<\/p>\n\n\n\n<p>Aujourd\u2019hui, c\u2019est avec le plus grand plaisir que je mets \u00e0 votre disposition mes comp\u00e9tences, mes connaissances et mon exp\u00e9rience afin de vous aider \u00e0 \u00e9voluer plus sereinement sur votre chemin.<\/p>\n\n\n\n<figure class=\"wp-block-pullquote\"><blockquote><p><strong><em>\u00ab&nbsp;La connaissance s\u2019acquiert par l\u2019exp\u00e9rience, tout le reste n\u2019est que de l\u2019information&nbsp;\u00bb<\/em><\/strong><br><strong><em>&nbsp;&nbsp;&nbsp;&nbsp;&nbsp;&nbsp;&nbsp;&nbsp;&nbsp;&nbsp;&nbsp;&nbsp;&nbsp;&nbsp;&nbsp;&nbsp;&nbsp;&nbsp;&nbsp;&nbsp;&nbsp;&nbsp;&nbsp;&nbsp;&nbsp;&nbsp;&nbsp;&nbsp;&nbsp;&nbsp;&nbsp;&nbsp;&nbsp;&nbsp;&nbsp;&nbsp;&nbsp;&nbsp;&nbsp;&nbsp;&nbsp;&nbsp;&nbsp;&nbsp;&nbsp;&nbsp;&nbsp;&nbsp;&nbsp;&nbsp;&nbsp;&nbsp;&nbsp;&nbsp;&nbsp;&nbsp;&nbsp;&nbsp;&nbsp;&nbsp;&nbsp;&nbsp;&nbsp;&nbsp;&nbsp;&nbsp;&nbsp;&nbsp;&nbsp;&nbsp;&nbsp;&nbsp;&nbsp;&nbsp;&nbsp;&nbsp;&nbsp;&nbsp;&nbsp;&nbsp;&nbsp;&nbsp;&nbsp;&nbsp;&nbsp;&nbsp;&nbsp;&nbsp;&nbsp;&nbsp;&nbsp;&nbsp;&nbsp;&nbsp;&nbsp;&nbsp;&nbsp;&nbsp;&nbsp;&nbsp;&nbsp;&nbsp;&nbsp;&nbsp;&nbsp; Albert Einstein<\/em><\/strong><\/p><\/blockquote><\/figure>\n<\/div><\/div>\n","protected":false},"excerpt":{"rendered":"<p>Je m&rsquo;appelle Christophe Drouglazet, mais \u00e7a, normalement, vous le savez d\u00e9j\u00e0! Bien que tr\u00e8s t\u00f4t int\u00e9ress\u00e9 par les min\u00e9raux et la radiesth\u00e9sie, rien ne pr\u00e9sageait que je puisse un jour \u00e9voluer et \u0153uvrer dans le domaine des \u00e9nergies et de la spiritualit\u00e9. Loin de l\u00e0\u2026 Mon parcours professionnel m\u2019a amen\u00e9 \u00e0 \u00e9voluer dans des postes &hellip; <\/p>\n","protected":false},"author":1,"featured_media":0,"parent":0,"menu_order":0,"comment_status":"closed","ping_status":"closed","template":"","meta":{"footnotes":""},"class_list":["post-499","page","type-page","status-publish","hentry","grid-sizer"],"_links":{"self":[{"href":"https:\/\/christophedrouglazet.fr\/index.php\/wp-json\/wp\/v2\/pages\/499","targetHints":{"allow":["GET"]}}],"collection":[{"href":"https:\/\/christophedrouglazet.fr\/index.php\/wp-json\/wp\/v2\/pages"}],"about":[{"href":"https:\/\/christophedrouglazet.fr\/index.php\/wp-json\/wp\/v2\/types\/page"}],"author":[{"embeddable":true,"href":"https:\/\/christophedrouglazet.fr\/index.php\/wp-json\/wp\/v2\/users\/1"}],"replies":[{"embeddable":true,"href":"https:\/\/christophedrouglazet.fr\/index.php\/wp-json\/wp\/v2\/comments?post=499"}],"version-history":[{"count":14,"href":"https:\/\/christophedrouglazet.fr\/index.php\/wp-json\/wp\/v2\/pages\/499\/revisions"}],"predecessor-version":[{"id":947,"href":"https:\/\/christophedrouglazet.fr\/index.php\/wp-json\/wp\/v2\/pages\/499\/revisions\/947"}],"wp:attachment":[{"href":"https:\/\/christophedrouglazet.fr\/index.php\/wp-json\/wp\/v2\/media?parent=499"}],"curies":[{"name":"wp","href":"https:\/\/api.w.org\/{rel}","templated":true}]}}

Et si je me présentais?

<div class="wp-block-group"><div class="wp-block-group__inner-container is-layout-constrained wp-block-group-is-layout-constrained">
<div class="wp-block-group"><div class="wp-block-group__inner-container is-layout-constrained wp-block-group-is-layout-constrained">
<div class="wp-block-media-text is-stacked-on-mobile" style="grid-template-columns:23% auto"><figure class="wp-block-media-text__media"><img loading="lazy" decoding="async" width="1024" height="940" src="http://christophedrouglazet.fr/wp-content/uploads/2024/04/Photo-1-1024x940.jpg" alt="" class="wp-image-747 size-full" srcset="https://christophedrouglazet.fr/wp-content/uploads/2024/04/Photo-1-1024x940.jpg 1024w, https://christophedrouglazet.fr/wp-content/uploads/2024/04/Photo-1-300x275.jpg 300w, https://christophedrouglazet.fr/wp-content/uploads/2024/04/Photo-1-768x705.jpg 768w, https://christophedrouglazet.fr/wp-content/uploads/2024/04/Photo-1-65x60.jpg 65w, https://christophedrouglazet.fr/wp-content/uploads/2024/04/Photo-1.jpg 1448w" sizes="auto, (max-width: 1024px) 100vw, 1024px" /></figure><div class="wp-block-media-text__content">
<p>Je m&rsquo;appelle Christophe Drouglazet, mais ça, normalement, vous le savez déjà!</p>



<p>Bien que très tôt intéressé par les minéraux et la radiesthésie, rien ne présageait que je puisse un jour évoluer et œuvrer dans le domaine des énergies et de la spiritualité. Loin de là…</p>
</div></div>



<p></p>



<p>Mon parcours professionnel m’a amené à évoluer dans des postes à responsabilités, essentiellement axés vers l’international, où primaient les relations humaines.</p>
</div></div>



<p>Un goût pour les relations humaines qui m’a amené à m’engager en tant que pompier volontaire pendant quelques années.</p>



<p>Contre toute attente, au travers de ces expériences dans le monde si «&nbsp;rationnel&nbsp;» qu’est celui du commerce, j’ai développé mon intuition, jusqu’à en faire une «&nbsp;force&nbsp;».</p>



<p>En 2015, pour faire face à certains aléas de la vie, j’ai décidé d’entamer un travail énergétique profond sur moi-même, pour me «&nbsp;sentir mieux&nbsp;», sans vraiment imaginer ou ça allait m’amener&nbsp;!</p>



<p>Ayant eu la chance de rencontrer sur mon chemin des thérapeutes ancrés et alignés, dont Morgane Bertin (qui deviendra plus tard ma femme), j’ai très vite pris conscience que notre corps et notre système énergétique gardaient en mémoire une incroyable quantité d’informations.</p>



<p>A tel point que la quasi-totalité de nos problématiques rencontrées y trouvent leur source&nbsp;!!!</p>



<p>J’ai aussi et surtout expérimenté concrètement dans mon corps une multitude d’expériences aussi «&nbsp;incroyables&nbsp;» (pour moi à l’époque) les unes que les autres&nbsp;!</p>



<p>A une cadence soutenue, je me suis libéré d’une multitude d’émotions, de mémoires, de conditionnements, de croyances, de formes-pensées, de fardeaux, de liens toxiques, etc.</p>



<p>Alors, c’est vrai, parfois ça m’a un peu «&nbsp;secoué&nbsp;», déstabilisé, notamment au niveau de certaines de mes croyances. Mais le mieux être évident que je ne pouvais que constater, à la fois physiquement et psychologiquement, ne faisaient que conforter mon choix et m’invitait fortement à poursuivre ce travail.</p>



<p>Je me suis non seulement libéré de ce qui m’encombrait, mais je me suis aussi reconnecté progressivement à des parties de moi, ainsi qu’à des capacités dont je ne soupçonnais même pas l’existence&nbsp;: magnétisme, clair ressenti, clairsentience… et même des capacités médiumniques&nbsp;!</p>



<p>Tout en continuant à exercer mon activité professionnelle de l’époque, j’ai apprivoisé toutes ces «&nbsp;nouveautés&nbsp;», et me suis progressivement formé aux «&nbsp;soins&nbsp;» énergétiques.</p>



<p>J’ai pris conscience que mon hypersensibilité et mon empathie, que je considérais jusqu’alors plutôt comme un handicap, était en réalité un magnifique cadeau de la vie.</p>



<p>Parallèlement, suite à plusieurs expériences personnelles, j’ai pris conscience de l’importance de l’influence énergétique de notre environnement&nbsp;: des personnes qui nous entourent certes, mais aussi et surtout des lieux dans lesquels nous vivons, dans lesquels nous travaillons&nbsp;!</p>



<p>C’est ce qui m’a conduit à me former au nettoyage énergétique des lieux (clarification), à la géobiologie ainsi qu’au Feng Shui.</p>



<p>L’Univers s’est non seulement chargé de me mettre sur cette voie, mais il m’a poussé à poursuivre mon chemin sur celle-ci&nbsp;en m’écartant d’un univers qui ne me correspondait plus.</p>



<p>Aujourd’hui, c’est avec le plus grand plaisir que je mets à votre disposition mes compétences, mes connaissances et mon expérience afin de vous aider à évoluer plus sereinement sur votre chemin.</p>



<figure class="wp-block-pullquote"><blockquote><p><strong><em>«&nbsp;La connaissance s’acquiert par l’expérience, tout le reste n’est que de l’information&nbsp;»</em></strong><br><strong><em>&nbsp;&nbsp;&nbsp;&nbsp;&nbsp;&nbsp;&nbsp;&nbsp;&nbsp;&nbsp;&nbsp;&nbsp;&nbsp;&nbsp;&nbsp;&nbsp;&nbsp;&nbsp;&nbsp;&nbsp;&nbsp;&nbsp;&nbsp;&nbsp;&nbsp;&nbsp;&nbsp;&nbsp;&nbsp;&nbsp;&nbsp;&nbsp;&nbsp;&nbsp;&nbsp;&nbsp;&nbsp;&nbsp;&nbsp;&nbsp;&nbsp;&nbsp;&nbsp;&nbsp;&nbsp;&nbsp;&nbsp;&nbsp;&nbsp;&nbsp;&nbsp;&nbsp;&nbsp;&nbsp;&nbsp;&nbsp;&nbsp;&nbsp;&nbsp;&nbsp;&nbsp;&nbsp;&nbsp;&nbsp;&nbsp;&nbsp;&nbsp;&nbsp;&nbsp;&nbsp;&nbsp;&nbsp;&nbsp;&nbsp;&nbsp;&nbsp;&nbsp;&nbsp;&nbsp;&nbsp;&nbsp;&nbsp;&nbsp;&nbsp;&nbsp;&nbsp;&nbsp;&nbsp;&nbsp;&nbsp;&nbsp;&nbsp;&nbsp;&nbsp;&nbsp;&nbsp;&nbsp;&nbsp;&nbsp;&nbsp;&nbsp;&nbsp;&nbsp;&nbsp;&nbsp; Albert Einstein</em></strong></p></blockquote></figure>
</div></div>

<p>Je m&rsquo;appelle Christophe Drouglazet, mais ça, normalement, vous le savez déjà! Bien que très tôt intéressé par les minéraux et la radiesthésie, rien ne présageait que je puisse un jour évoluer et œuvrer dans le domaine des énergies et de la spiritualité. Loin de là… Mon parcours professionnel m’a amené à évoluer dans des postes &hellip; </p>
