{"id":306,"date":"2024-04-10T09:29:52","date_gmt":"2024-04-10T07:29:52","guid":{"rendered":"https:\/\/christophedrouglazet.fr\/?page_id=306"},"modified":"2024-05-10T18:35:43","modified_gmt":"2024-05-10T16:35:43","slug":"les-nuisances-naturelles","status":"publish","type":"page","link":"https:\/\/christophedrouglazet.fr\/index.php\/les-nuisances-naturelles\/","title":{"rendered":"Les nuisances naturelles"},"content":{"rendered":"\n<div style=\"height:20px\" aria-hidden=\"true\" class=\"wp-block-spacer\"><\/div>\n\n\n\n<p>La premi\u00e8re cat\u00e9gorie de nuisances dont nous potentiellement \u00eatre \u00ab\u00a0victime\u00a0\u00bb est compos\u00e9e des nuisances ayant pour origine la Terre et les d\u00e9s\u00e9quilibres cosmo-telluriques.<br>Parmi ces <strong>nuisances naturelles<\/strong>, nous pouvons citer (liste non exhaustive) :<\/p>\n\n\n\n<div style=\"height:20px\" aria-hidden=\"true\" class=\"wp-block-spacer\"><\/div>\n\n\n\n<h4 class=\"wp-block-heading\">Les <strong>nuisances li\u00e9es \u00e0 l\u2019eau<\/strong>&nbsp;:<\/h4>\n\n\n\n<ul class=\"wp-block-list\">\n<li> courants d\u2019eau souterrains;<\/li>\n\n\n\n<li> nappes phr\u00e9atiques;<\/li>\n\n\n\n<li> pr\u00e9sence d\u2019eau stagnante\u2026<\/li>\n<\/ul>\n\n\n\n<div style=\"height:20px\" aria-hidden=\"true\" class=\"wp-block-spacer\"><\/div>\n\n\n\n<h4 class=\"wp-block-heading\">Les nuisances li\u00e9es aux failles&nbsp;:<\/h4>\n\n\n\n<ul class=\"wp-block-list\">\n<li> failles g\u00e9ologiques;<\/li>\n\n\n\n<li>failles qui apparaissent au niveau des changement de \u00ab&nbsp;mati\u00e8res&nbsp;\u00bb dans le sol&#8230;<\/li>\n<\/ul>\n\n\n\n<div style=\"height:20px\" aria-hidden=\"true\" class=\"wp-block-spacer\"><\/div>\n\n\n\n<h4 class=\"wp-block-heading\"><strong>Les nuisances li\u00e9es aux r\u00e9seaux \u00ab&nbsp;cosmo-telluriques&nbsp;\u00bb&nbsp;:<\/strong><\/h4>\n\n\n\n<p>aussi appel\u00e9s \u00ab&nbsp;r\u00e9seaux telluriques&nbsp;\u00bb, il s\u2019agit de maillages \u00e9lectromagn\u00e9tiques de diff\u00e9rentes origines et natures, qui quadrillent la Terre. Parmi les r\u00e9seaux les plus connus, nous pouvons citer le r\u00e9seau Hartmann, le r\u00e9seau Curry, le Grand Diagonal, le r\u00e9seau Peyr\u00e9, etc&#8230;<\/p>\n\n\n\n<div style=\"height:20px\" aria-hidden=\"true\" class=\"wp-block-spacer\"><\/div>\n\n\n\n<h4 class=\"wp-block-heading\"><strong>Les nuisances li\u00e9es aux chemin\u00e9es \u00ab&nbsp;cosmo-telluriques&nbsp;\u00bb&nbsp;:<\/strong><\/h4>\n\n\n\n<p>syst\u00e8mes \u00e9nerg\u00e9tiques complexes d\u2019\u00e9changes d\u2019\u00e9nergies entre la Terre et le Ciel qui vibrent sur diff\u00e9rentes fr\u00e9quences de consciences. Elles peuvent \u00eatre \u00ab&nbsp;positives&nbsp;\u00bb ou \u00ab&nbsp;n\u00e9gatives&nbsp;\u00bb&nbsp;.<\/p>\n\n\n\n<div style=\"height:20px\" aria-hidden=\"true\" class=\"wp-block-spacer\"><\/div>\n\n\n\n<h4 class=\"wp-block-heading\"><strong>Les nuisances li\u00e9es \u00e0 la pr\u00e9sence de Radon&nbsp;:<\/strong><\/h4>\n\n\n\n<p>Gaz radioactif issu de la d\u00e9composition de l\u2019uranium et du thorium pr\u00e9sent dans le sol et sous-sol.<\/p>\n\n\n\n<div style=\"height:20px\" aria-hidden=\"true\" class=\"wp-block-spacer\"><\/div>\n\n\n\n<h4 class=\"wp-block-heading\">Et bien d&rsquo;autres encore&#8230;<\/h4>\n\n\n\n<div style=\"height:20px\" aria-hidden=\"true\" class=\"wp-block-spacer\"><\/div>\n\n\n\n<p>Les nuisances naturelles peuvent prendre une part importante dans le d\u00e9s\u00e9quilibre d&rsquo;un lieu. Mais il existe une autre cat\u00e9gorie de nuisances qui viennent perturber de plus en plus nos lieux de vie: il s&rsquo;agit des <a href=\"https:\/\/christophedrouglazet.fr\/index.php\/les-nuisances-artificielles\/\" data-type=\"page\" data-id=\"314\">nuisances artificielles<\/a>.<\/p>\n\n\n\n<p class=\"has-text-align-right has-vivid-green-cyan-color has-text-color has-link-color wp-elements-ecdbe6784784bcf9c439f0dbda2a51b1\"><a href=\"https:\/\/christophedrouglazet.fr\/index.php\/les-nuisances-artificielles\/\" data-type=\"page\" data-id=\"314\">(Suite de l&rsquo;exploration&#8230;)<\/a><\/p>\n","protected":false},"excerpt":{"rendered":"<p>La premi\u00e8re cat\u00e9gorie de nuisances dont nous potentiellement \u00eatre \u00ab\u00a0victime\u00a0\u00bb est compos\u00e9e des nuisances ayant pour origine la Terre et les d\u00e9s\u00e9quilibres cosmo-telluriques.Parmi ces nuisances naturelles, nous pouvons citer (liste non exhaustive) : Les nuisances li\u00e9es \u00e0 l\u2019eau&nbsp;: Les nuisances li\u00e9es aux failles&nbsp;: Les nuisances li\u00e9es aux r\u00e9seaux \u00ab&nbsp;cosmo-telluriques&nbsp;\u00bb&nbsp;: aussi appel\u00e9s \u00ab&nbsp;r\u00e9seaux telluriques&nbsp;\u00bb, il s\u2019agit &hellip; <\/p>\n","protected":false},"author":1,"featured_media":0,"parent":0,"menu_order":0,"comment_status":"closed","ping_status":"closed","template":"","meta":{"footnotes":""},"class_list":["post-306","page","type-page","status-publish","hentry","grid-sizer"],"_links":{"self":[{"href":"https:\/\/christophedrouglazet.fr\/index.php\/wp-json\/wp\/v2\/pages\/306","targetHints":{"allow":["GET"]}}],"collection":[{"href":"https:\/\/christophedrouglazet.fr\/index.php\/wp-json\/wp\/v2\/pages"}],"about":[{"href":"https:\/\/christophedrouglazet.fr\/index.php\/wp-json\/wp\/v2\/types\/page"}],"author":[{"embeddable":true,"href":"https:\/\/christophedrouglazet.fr\/index.php\/wp-json\/wp\/v2\/users\/1"}],"replies":[{"embeddable":true,"href":"https:\/\/christophedrouglazet.fr\/index.php\/wp-json\/wp\/v2\/comments?post=306"}],"version-history":[{"count":17,"href":"https:\/\/christophedrouglazet.fr\/index.php\/wp-json\/wp\/v2\/pages\/306\/revisions"}],"predecessor-version":[{"id":1270,"href":"https:\/\/christophedrouglazet.fr\/index.php\/wp-json\/wp\/v2\/pages\/306\/revisions\/1270"}],"wp:attachment":[{"href":"https:\/\/christophedrouglazet.fr\/index.php\/wp-json\/wp\/v2\/media?parent=306"}],"curies":[{"name":"wp","href":"https:\/\/api.w.org\/{rel}","templated":true}]}}