{"id":1810,"date":"2025-12-07T13:19:12","date_gmt":"2025-12-07T12:19:12","guid":{"rendered":"https:\/\/christophedrouglazet.fr\/?page_id=1810"},"modified":"2025-12-07T15:05:54","modified_gmt":"2025-12-07T14:05:54","slug":"soin-special-liberations-liees-a-locculte-sombre","status":"publish","type":"page","link":"https:\/\/christophedrouglazet.fr\/index.php\/soin-special-liberations-liees-a-locculte-sombre\/","title":{"rendered":"Soin Sp\u00e9cial \u00ab\u00a0Lib\u00e9rations li\u00e9es \u00e0 l&rsquo;Occulte sombre\u00a0\u00bb"},"content":{"rendered":"<div class=\"wp-block-image\">\n<figure class=\"aligncenter size-large is-resized\"><img loading=\"lazy\" decoding=\"async\" width=\"1024\" height=\"768\" src=\"https:\/\/christophedrouglazet.fr\/wp-content\/uploads\/2025\/12\/Occulte-sombre-1024x768.jpg\" alt=\"\" class=\"wp-image-1822\" style=\"width:450px;height:auto\" srcset=\"https:\/\/christophedrouglazet.fr\/wp-content\/uploads\/2025\/12\/Occulte-sombre-1024x768.jpg 1024w, https:\/\/christophedrouglazet.fr\/wp-content\/uploads\/2025\/12\/Occulte-sombre-300x225.jpg 300w, https:\/\/christophedrouglazet.fr\/wp-content\/uploads\/2025\/12\/Occulte-sombre-768x576.jpg 768w, https:\/\/christophedrouglazet.fr\/wp-content\/uploads\/2025\/12\/Occulte-sombre-80x60.jpg 80w, https:\/\/christophedrouglazet.fr\/wp-content\/uploads\/2025\/12\/Occulte-sombre.jpg 1280w\" sizes=\"auto, (max-width: 1024px) 100vw, 1024px\" \/><\/figure>\n<\/div>\n\n\n<div style=\"height:20px\" aria-hidden=\"true\" class=\"wp-block-spacer\"><\/div>\n\n\n\n<p>L&rsquo;objectif de ce type de soin \u00e9nerg\u00e9tique est de travailler sur tous <strong>les sujets \u00ab\u00a0lourds\u00a0\u00bb<\/strong> qui vous emp\u00eache d&rsquo;avancer dans la vie et <strong>qui ont trait au tr\u00e8s \u00ab\u00a0sombre\u00a0\u00bb<\/strong>, <strong>\u00e0 des vibrations tr\u00e8s basses<\/strong>.<\/p>\n\n\n\n<p>Il ne s&rsquo;agit pas ici de vous d\u00e9barrasser d&rsquo;une \u00e2me errante, d&rsquo;un bas astral, d&rsquo;un simple lien toxique ou autres parasites (ce que je fais dans un soin \u00ab\u00a0classique\u00a0\u00bb).<\/p>\n\n\n\n<p>Ici nous parlons de <strong>\u00ab\u00a0charges\u00a0\u00bb \u00e9nerg\u00e9tiques, de liens toxiques et autres influences occultes tr\u00e8s sombres<\/strong>.<\/p>\n\n\n\n<p>Nous parlons d&rsquo;<strong>attaques \u00e9nerg\u00e9tiques motiv\u00e9es et conscientes<\/strong> <strong>(magie noire, etc&#8230;)<\/strong>, de <strong>tous types de travaux occultes visant \u00e0 nuire<\/strong>, de <strong>mal\u00e9dictions<\/strong>&#8230; <\/p>\n\n\n\n<p>Nous parlons <strong>\u00ab\u00a0d&rsquo;entit\u00e9s\u00a0\u00bb \u00e9nerg\u00e9tiques<\/strong> (au sens large) <strong>r\u00e9calcitrantes<\/strong>, <strong>tr\u00e8s sombres<\/strong> et souvent <strong>tr\u00e8s virulentes<\/strong>, allant parfois jusqu&rsquo;au ph\u00e9nom\u00e8ne de <strong>possession<\/strong>.<\/p>\n\n\n\n<p>Nous parlons ici de <strong>sch\u00e9mas sombres<\/strong> parfois <strong>tr\u00e8s complexes<\/strong>, <strong>multidirectionnels et\/ou multidimensionnels<\/strong>&#8230;<\/p>\n\n\n\n<p>Et bien plus encore!<\/p>\n\n\n\n<p>Et ce, quelles qu&rsquo;en soient les origines&#8230;<\/p>\n\n\n\n<div style=\"height:20px\" aria-hidden=\"true\" class=\"wp-block-spacer\"><\/div>\n\n\n\n<p class=\"has-medium-font-size\"><strong>ATTENTION!<\/strong><\/p>\n\n\n\n<p style=\"text-decoration:underline\"><strong>Pour rappel, ce soin, comme n&rsquo;importe quelle intervention \u00e9nerg\u00e9tique, ne peut aucunement se substituer \u00e0 un avis m\u00e9dical!<\/strong><\/p>\n\n\n\n<p>D&rsquo;autre part, il est important de prendre conscience que <strong>quand ce genre de \u00ab\u00a0m\u00e9saventures\u00a0\u00bb nous arrivent<\/strong>, c&rsquo;est qu&rsquo;<strong>inconsciemment nous l&rsquo;acceptons d&rsquo;une fa\u00e7on ou d&rsquo;une autre<\/strong>. C&rsquo;est parfois difficile de l&rsquo;admettre, mais c&rsquo;est une r\u00e9alit\u00e9&#8230;<\/p>\n\n\n\n<p><strong>C&rsquo;est l\u00e0 que nous devons prendre nos responsabilit\u00e9s<\/strong>&#8230; (ou pas!)<\/p>\n\n\n\n<p>En commen\u00e7ant par se poser les \u00ab\u00a0bonnes\u00a0\u00bb questions :<\/p>\n\n\n\n<ul class=\"wp-block-list\">\n<li><strong>POURQUOI nous attirons \u00e7a maintenant inconsciemment dans notre vie&nbsp;?<\/strong><\/li>\n\n\n\n<li><strong>POURQUOI nous acceptons inconsciemment de nous faire attaquer&nbsp;?<\/strong><\/li>\n\n\n\n<li><strong>Par quelle \u00ab&nbsp;porte&nbsp;\u00bb, par quelle \u00ab&nbsp;faille&nbsp;\u00bb, quelle \u00ab\u00a0blessure\u00a0\u00bb passent ces vibrations \u00ab\u00a0sombres\u00a0\u00bb pour nous atteindre&nbsp;?<\/strong><\/li>\n<\/ul>\n\n\n\n<p>Puis, dans un second temps, en choisissant de devenir acteur (ou pas) dans notre \u00ab\u00a0gu\u00e9rison\u00a0\u00bb, dans notre retour vers le bien-\u00eatre.<\/p>\n\n\n\n<ul class=\"wp-block-list\">\n<li>Est-ce que nous choisissons de nous faire accompagner pour nous aider \u00e0 comprendre, \u00e0 r\u00e9pondre aux pr\u00e9c\u00e9dentes questions ?<\/li>\n\n\n\n<li>Est-ce que nous d\u00e9cidons de faire quelque chose pour ne plus que \u00e7a arrive?<\/li>\n\n\n\n<li>Est-ce que nous d\u00e9cidons d&rsquo;entamer un travail sur nous-m\u00eame ?<\/li>\n\n\n\n<li>Etc&#8230;<\/li>\n<\/ul>\n\n\n\n<p>C&rsquo;est bien \u00e9videmment une d\u00e9marche que j&rsquo;encourage \u00e0 faire \u00e0 la suite d&rsquo;un tel soin (mais pas que!), au risque de voir les \u00e9v\u00e8nements ou sch\u00e9mas se r\u00e9p\u00e9ter continuellement ! Mais chacun reste libre de ses choix&#8230; <\/p>\n\n\n\n<div style=\"height:20px\" aria-hidden=\"true\" class=\"wp-block-spacer\"><\/div>\n\n\n\n<p class=\"has-vivid-green-cyan-color has-text-color has-link-color wp-elements-6cbf957cebb29ea05962a70f4d03dd86\"><strong><a href=\"https:\/\/christophedrouglazet.fr\/index.php\/tarifs\/\" data-type=\"page\" data-id=\"537\">POUR VOIR LES TARIFS, CLIQUEZ ICI&#8230;<\/a><\/strong><\/p>\n\n\n\n<p class=\"has-text-align-right has-vivid-green-cyan-color has-text-color has-link-color wp-elements-7d4274610ba8de4dfd519364ef8730d6\"><a href=\"https:\/\/christophedrouglazet.fr\/\">(Retour \u00e0 la page d\u2019accueil)<\/a><\/p>\n","protected":false},"excerpt":{"rendered":"<p>L&rsquo;objectif de ce type de soin \u00e9nerg\u00e9tique est de travailler sur tous les sujets \u00ab\u00a0lourds\u00a0\u00bb qui vous emp\u00eache d&rsquo;avancer dans la vie et qui ont trait au tr\u00e8s \u00ab\u00a0sombre\u00a0\u00bb, \u00e0 des vibrations tr\u00e8s basses. Il ne s&rsquo;agit pas ici de vous d\u00e9barrasser d&rsquo;une \u00e2me errante, d&rsquo;un bas astral, d&rsquo;un simple lien toxique ou autres parasites &hellip; <\/p>\n","protected":false},"author":1,"featured_media":0,"parent":0,"menu_order":0,"comment_status":"closed","ping_status":"closed","template":"","meta":{"footnotes":""},"class_list":["post-1810","page","type-page","status-publish","hentry","grid-sizer"],"_links":{"self":[{"href":"https:\/\/christophedrouglazet.fr\/index.php\/wp-json\/wp\/v2\/pages\/1810","targetHints":{"allow":["GET"]}}],"collection":[{"href":"https:\/\/christophedrouglazet.fr\/index.php\/wp-json\/wp\/v2\/pages"}],"about":[{"href":"https:\/\/christophedrouglazet.fr\/index.php\/wp-json\/wp\/v2\/types\/page"}],"author":[{"embeddable":true,"href":"https:\/\/christophedrouglazet.fr\/index.php\/wp-json\/wp\/v2\/users\/1"}],"replies":[{"embeddable":true,"href":"https:\/\/christophedrouglazet.fr\/index.php\/wp-json\/wp\/v2\/comments?post=1810"}],"version-history":[{"count":16,"href":"https:\/\/christophedrouglazet.fr\/index.php\/wp-json\/wp\/v2\/pages\/1810\/revisions"}],"predecessor-version":[{"id":1858,"href":"https:\/\/christophedrouglazet.fr\/index.php\/wp-json\/wp\/v2\/pages\/1810\/revisions\/1858"}],"wp:attachment":[{"href":"https:\/\/christophedrouglazet.fr\/index.php\/wp-json\/wp\/v2\/media?parent=1810"}],"curies":[{"name":"wp","href":"https:\/\/api.w.org\/{rel}","templated":true}]}}