{"id":1693,"date":"2025-08-29T12:42:54","date_gmt":"2025-08-29T10:42:54","guid":{"rendered":"https:\/\/christophedrouglazet.fr\/?page_id=1693"},"modified":"2025-12-07T15:27:37","modified_gmt":"2025-12-07T14:27:37","slug":"la-numerologie","status":"publish","type":"page","link":"https:\/\/christophedrouglazet.fr\/index.php\/la-numerologie\/","title":{"rendered":"Qu&rsquo;est-ce que la Num\u00e9rologie ?"},"content":{"rendered":"\n<h4 class=\"wp-block-heading\"><\/h4>\n\n\n\n<p>La Num\u00e9rologie est un \u00ab\u00a0Art\u00a0\u00bb mill\u00e9naire bas\u00e9 sur une interpr\u00e9tation symbolique des nombres qui permet de mieux appr\u00e9hender l&rsquo;influence que ceux-ci exercent sur nous.<\/p>\n\n\n\n<p>Bien que son origine r\u00e9elle soit sujet \u00e0 controverses, nous savons que la Num\u00e9rologie est une discipline qui a \u00e9t\u00e9 utilis\u00e9e de diff\u00e9rentes fa\u00e7ons dans de nombreuses civilisations aux 4 coins du monde.<\/p>\n\n\n\n<p>A travers les si\u00e8cles, de nombreuses \u00e9coles ont \u00e9merg\u00e9es apportant chacune diff\u00e9rentes connaissances et m\u00e9thodes d&rsquo;analyses.<\/p>\n\n\n\n<p><\/p>\n\n\n\n<h4 class=\"wp-block-heading\"><strong>Pourquoi parler d&rsquo; \u00ab\u00a0Art\u00a0\u00bb ?<\/strong><\/h4>\n\n\n\n<p>La Num\u00e9rologie n&rsquo;est pas une Science, car la science est bas\u00e9e sur le principe de reproductibilit\u00e9.<\/p>\n\n\n\n<p>Or, je consid\u00e8re que ce principe est antinomique \u00e0 la Num\u00e9rologie. Imaginons que 2 personnes aient exactement les m\u00eames vibrations, les m\u00eames nombres dans leur environnement (ce qui semble tr\u00e8s peu probable, mais pourquoi pas !). Chacune d&rsquo;elle aura sa propre histoire de vie, ses propres lign\u00e9es transg\u00e9n\u00e9rationnelles, son propre libre arbitre, son propre niveau de conscience, son propre niveau d&rsquo;\u00e9volution, etc&#8230;<br>De ce fait, l&rsquo;influence de toutes ces vibrations, pourtant identiques dans cette hypoth\u00e8se, diff\u00e9rera d&rsquo;une personne \u00e0 l&rsquo;autre.<\/p>\n\n\n\n<p>De plus, l&rsquo;interpr\u00e9tation des Nombres n&rsquo;est pas m\u00e9canique. M\u00eame si des \u00ab\u00a0r\u00e8gles\u00a0\u00bb doivent \u00eatre respect\u00e9es, la tonalit\u00e9 de l&rsquo;interpr\u00e9tation de ces nombres va grandement d\u00e9pendre du degr\u00e9 d&rsquo;expertise, des vibrations, et des capacit\u00e9s de \u00ab\u00a0connexions\u00a0\u00bb de la personne qui interpr\u00e8te votre th\u00e8me.<\/p>\n\n\n\n<p><\/p>\n\n\n\n<h4 class=\"wp-block-heading\"><strong>De quels Nombres parlons-nous ?<\/strong><\/h4>\n\n\n\n<p>Des nombres qui vibrent en nous quotidiennement comme par exemple les nombres qui composent notre date de naissance, ou les nombres \u00ab\u00a0cach\u00e9s\u00a0\u00bb derri\u00e8re nos nom(s) et pr\u00e9nom(s).<\/p>\n\n\n\n<p>Mais pas seulement ! Il peut aussi s&rsquo;agir des nombres omnipr\u00e9sents dans notre environnement : ceux qui composent notre num\u00e9ro de t\u00e9l\u00e9phone, ceux pr\u00e9sents dans notre adresse, les nombres \u00ab\u00a0calendaires\u00a0\u00bb, etc.<\/p>\n\n\n\n<p><\/p>\n\n\n\n<h4 class=\"wp-block-heading\"><strong>Qu&rsquo;apporte concr\u00e8tement la Num\u00e9rologie ?<\/strong><\/h4>\n\n\n\n<p><strong>La Num\u00e9rologie moderne est un fabuleux outil d&rsquo;\u00e9veil int\u00e9rieur et de connaissance de soi<\/strong>.<\/p>\n\n\n\n<p>Elle nous permettent de <strong>mettre en lumi\u00e8re nos \u00ab\u00a0forces\u00a0\u00bb, nos \u00ab\u00a0qualit\u00e9s\u00a0\u00bb<\/strong>, mais \u00e9galement <strong>nos \u00ab\u00a0faiblesses\u00a0\u00bb et nos \u00ab\u00a0d\u00e9fauts\u00a0\u00bb<\/strong>.<\/p>\n\n\n\n<p>Mais au-del\u00e0 de cette analyse \u00ab\u00a0classique\u00a0\u00bb, la Num\u00e9rologie que je pratique (inspir\u00e9e de la Num\u00e9rologie conventionnelle ainsi que de la Num\u00e9rologie Cr\u00e9ative de Colette LE FLOCH) donne <strong>les cl\u00e9s n\u00e9cessaires pour se comprendre, comprendre nos diff\u00e9rents modes de fonctionnement (qu&rsquo;ils soient conscients ou inconscients), comprendre nos r\u00e9actions, comprendre les motivations souvent inconscientes de nos d\u00e9cisions<\/strong>&#8230; que ce soit dans nos relations ou face \u00e0 des situations auxquelles nous sommes confront\u00e9es.<\/p>\n\n\n\n<p>Elle nous permet de <strong>d\u00e9couvrir les nombreuses facettes de notre personnalit\u00e9, de conna\u00eetre les diff\u00e9rents \u00ab\u00a0challenges\u00a0\u00bb qui nous attendent sur notre chemin de vie, mais aussi de mettre en lumi\u00e8re toutes nos capacit\u00e9s, potentialit\u00e9s et pr\u00e9dispositions que nous avons le choix d&rsquo;explorer et de d\u00e9velopper&#8230;ou pas !<\/strong><\/p>\n\n\n\n<p><strong>La Num\u00e9rologie est un v\u00e9ritable outil de connaissance, de compr\u00e9hension de soi, un v\u00e9ritable outil d&rsquo;\u00e9volution personnelle. Mais pas seulement !<\/strong><\/p>\n\n\n\n<p>C&rsquo;est \u00e9galement <strong>un fabuleux outil d&rsquo;\u00e9veil et d&rsquo;\u00e9volution mutuels dans un couple<\/strong> ou <strong>dans une famille<\/strong>. Une meilleure compr\u00e9hension de soi et des autres permet en effet de d\u00e9samorcer de nombreuses situations conflictuelles !<\/p>\n\n\n\n<p><strong>Et c&rsquo;est un outil parfaitement compatible avec le monde professionnel<\/strong>, que ce soit:<br>&#8211; Dans le <strong>choix d&rsquo;une date importante<\/strong> (cr\u00e9ation d&rsquo;une soci\u00e9t\u00e9, ouverture de magasin, \u00e9v\u00e9nement&#8230;) ;<br>&#8211; Dans une <strong>compr\u00e9hension d&rsquo;\u00e9volution globale ou cyclique<\/strong> ;<br>&#8211; Dans un <strong>cadre manag\u00e9rial <\/strong>;<br>&#8211; Et bien plus encore&#8230;<\/p>\n\n\n\n<p class=\"has-text-align-right has-vivid-green-cyan-color has-text-color has-link-color wp-elements-c97ce4aca766a84ab4b016fefe96c0a0\"><a href=\"https:\/\/christophedrouglazet.fr\/\" data-type=\"page\" data-id=\"7\">(Retour \u00e0 la page d&rsquo;accueil)<\/a><\/p>\n\n\n\n<p><\/p>\n\n\n\n<p><\/p>\n\n\n\n<p><\/p>\n\n\n\n<p><\/p>\n\n\n\n<p><\/p>\n\n\n\n<p><br><br><\/p>\n","protected":false},"excerpt":{"rendered":"<p>La Num\u00e9rologie est un \u00ab\u00a0Art\u00a0\u00bb mill\u00e9naire bas\u00e9 sur une interpr\u00e9tation symbolique des nombres qui permet de mieux appr\u00e9hender l&rsquo;influence que ceux-ci exercent sur nous. Bien que son origine r\u00e9elle soit sujet \u00e0 controverses, nous savons que la Num\u00e9rologie est une discipline qui a \u00e9t\u00e9 utilis\u00e9e de diff\u00e9rentes fa\u00e7ons dans de nombreuses civilisations aux 4 coins &hellip; <\/p>\n","protected":false},"author":1,"featured_media":0,"parent":0,"menu_order":0,"comment_status":"closed","ping_status":"closed","template":"","meta":{"footnotes":""},"class_list":["post-1693","page","type-page","status-publish","hentry","grid-sizer"],"_links":{"self":[{"href":"https:\/\/christophedrouglazet.fr\/index.php\/wp-json\/wp\/v2\/pages\/1693","targetHints":{"allow":["GET"]}}],"collection":[{"href":"https:\/\/christophedrouglazet.fr\/index.php\/wp-json\/wp\/v2\/pages"}],"about":[{"href":"https:\/\/christophedrouglazet.fr\/index.php\/wp-json\/wp\/v2\/types\/page"}],"author":[{"embeddable":true,"href":"https:\/\/christophedrouglazet.fr\/index.php\/wp-json\/wp\/v2\/users\/1"}],"replies":[{"embeddable":true,"href":"https:\/\/christophedrouglazet.fr\/index.php\/wp-json\/wp\/v2\/comments?post=1693"}],"version-history":[{"count":14,"href":"https:\/\/christophedrouglazet.fr\/index.php\/wp-json\/wp\/v2\/pages\/1693\/revisions"}],"predecessor-version":[{"id":1870,"href":"https:\/\/christophedrouglazet.fr\/index.php\/wp-json\/wp\/v2\/pages\/1693\/revisions\/1870"}],"wp:attachment":[{"href":"https:\/\/christophedrouglazet.fr\/index.php\/wp-json\/wp\/v2\/media?parent=1693"}],"curies":[{"name":"wp","href":"https:\/\/api.w.org\/{rel}","templated":true}]}}